= -2185 - y - s*y + 2186. Determine o(1).
-2
Let g be (4 + 1)*(1 - 0). Let m(i) be the third derivative of 0 - 1/60*i**5 + 2*i - 2/3*i**3 + 1/4*i**4 + 60*i**2. Calculate m(g).
1
Let u(y) be the second derivative of 2*y**3/3 + 70*y**2 + 245*y. Let h be u(-34). Let j(k) = 2*k**2 + 3*k. Give j(h).
44
Let n = 39 - 36. Suppose n*b + 7 = 13. Let k(u) = -3 - b*u - u + 0 + u. What is k(-2)?
1
Suppose r - 11 + 1 = 0. Let h be 4 - 31/((-124)/(-24)). Let y be (4 + h)*(5 - r). Let i(n) = -n - 5. Determine i(y).
5
Let d(v) be the third derivative of 2/3*v**3 + 0 + 98*v**2 + 1/6*v**4 + 0*v. What is d(-5)?
-16
Let p(t) = 1. Let i(j) = j**3 + 4*j**2 - j - 7. Let u(f) = -i(f) - 3*p(f). Suppose -2*h + a + 193 = 0, 277 = 3*h + 9*a - 8*a. Let s = -98 + h. Give u(s).
0
Let y(p) be the second derivative of -25*p**3/6 + p**2/2 + 13*p. Let a(m) = 12*m - 71. Suppose -4*c - 6 = v, -2*v = -3*v - 2*c. Let b be a(v). Calculate y(b).
-24
Suppose 5*l + 4*d - 47 = 0, 186*l - d = 181*l + 32. Let r(k) = 3*k**2 - 19*k - 9. What is r(l)?
5
Let y(j) = 20*j + 52. Let p(a) = -25*a - 56. Let z(m) = -5*p(m) - 6*y(m). What is z(8)?
8
Let c(z) = 7*z**2 - 3*z + 1. Let i be (-39436)/76 - 36/342. Let f = 520 + i. Calculate c(f).
5
Suppose i + 4*o - 18 = 0, o + 2*o = -5*i + 22. Let g(h) = 7 + 13*h**i - 12*h**2 + 6*h + 2*h. Suppose 368 = -40*t - 6*t. What is g(t)?
7
Let d(n) = 7*n - 15. Let a be d(7). Suppose 4*i - z = -i + 30, -2*i = 4*z - a. Let m(u) = -i*u + 6*u**2 + u - u - 6 + u**3. Determine m(-7).
-6
Let x(m) be the first derivative of -m**4/24 + 2*m**3/3 - 2*m**2 + 24*m - 42. Let y(s) be the second derivative of x(s). Determine y(4).
0
Let i(g) = 3*g. Let b(w) = -3*w**3 + 9*w**3 + w - w**2 - 17 - w**2 - 2*w**2 - 7*w**3. Let n be b(-5). Calculate i(n).
9
Suppose -10*p + 23 = -7. Let k(y) = 4 - 130*y**2 + y + 4*y - p*y + 131*y**2. Calculate k(-3).
7
Let o(a) = a**2 + 9*a + 5. Let m be (-12)/(636/(-208) - -3). Suppose 0 = 3*q - 7*q + m. Let d = -60 + q. Calculate o(d).
-3
Let z(y) = y**2 + 5*y + 7. Let k be 73 + (3 - 45/5). Suppose -2*o - 3 = k*t - 70*t, 0 = -4*o - 5*t - 17. Determine z(o).
1
Let x(r) = -69*r**2 - 7428*r**3 + 7424*r**3 + 1 + 33*r**2 + 18 - 92*r**2. Calculate x(-32).
19
Let s(y) = -23*y + 55 + 39 - 5 - 11 - y**2. Determine s(-26).
0
Let r(f) = f**3 + 8*f**2 + 7*f + 46. Suppose -19*y - 106 - 86 = -40. Determine r(y).
-10
Suppose -33*i + 3 = 86*i + 3. Let s(l) be the third derivative of 5*l**2 + 1/3*l**4 + 0*l + i + l**3 - 1/60*l**5. Give s(8).
6
Let o = -511 - -513. Let l(i) = 3*i + o - 3*i - 7*i**2 - 3*i**2 + 12*i**2 - 2*i. Give l(0).
2
Let r(f) = -1. Let b(a) = a**3 + 7*a**2 + 4*a - 5. Let h(s) = b(s) - 3*r(s). Let u = 205 - 142. Let j be (84/u)/(4/(-18)). What is h(j)?
10
Let b(h) = -10*h - h**2 + 128*h + 2 - 15*h - 109*h - 4. Suppose 4*r = a - 9, 3*a - 8 = 4*r + 3. Calculate b(r).
6
Let s = 34052/51069 - 2/17023. Let o(t) be the third derivative of -1/30*t**5 + s*t**3 - 13*t**2 + 0*t + 0 + 1/12*t**4. Calculate o(3).
-8
Let v(i) = -i**3 - 18*i**2 - 20*i + 20. Suppose 0 = 577*r + 8246 + 1563. Give v(r).
71
Suppose 2*y + 3*h - 27 = 0, 3*y - 139*h = -134*h + 12. Let n(v) = v**2 + 37*v - 418. Give n(y).
-4
Let o be (-73 + (-2 - 0))/(6/(-8)). Let t(a) = -45*a - 53*a - 12 + o*a. Let f be (-43)/(-5) - (-2)/5. Calculate t(f).
6
Let l(x) = -2*x**2 + x + 6. Let t(d) = -d**2 + 134*d - 1355. Let a be t(11). Give l(a).
-4
Let m(g) = -6*g + 88. Let b(d) = -4*d + 51. Let n(v) = -5*b(v) + 3*m(v). Give n(-11).
-13
Suppose -104 = -4*k + 4*n, 0 = 4*k - 2*n - 0*n - 94. Suppose u = -22 + k. Let q(y) = 13*y**3 - y**2 - 2*y - 1. Give q(u).
-13
Let a(b) be the first derivative of 7*b**4/12 - b**3/6 + b**2/2 + 4*b + 29. Let x(o) be the second derivative of a(o). What is x(-3)?
-43
Let h(i) = 7*i**3 - 38*i**2 - 9*i + 92. Let g(a) = -3*a**3 + 21*a**2 + 4*a - 47. Let j(q) = -5*g(q) - 2*h(q). Give j(29).
-7
Suppose -26662*d = -26669*d + 84. Let i(j) = 3*j**2 - 35*j - 10. What is i(d)?
2
Let v = 89 - 87. Let i(u) = -4*u**2 - 28*u - 4. Let l(f) = -f**2 - 14*f - 6. Let x(y) = -y - 1. Let g(s) = l(s) - 5*x(s). Let p(t) = v*i(t) - 7*g(t). Give p(7).
-1
Suppose -3*v + i - 8 = 0, 99*i - 101*i = -3*v - 7. Let w(m) be the third derivative of -m**6/60 - m**5/30 + m**4/8 + m**2. Determine w(v).
27
Let d(n) = -n**3 + 5*n**2 - n + 5. Suppose 3*v = 2*q - 19, 35*q - 30*q = -2*v + 19. Give d(q).
0
Let b(j) = -j**3 + 8*j**2 - 5*j - 7. Let f be 1 + (-42)/(-8) - ((-45)/(-20))/(-3). Calculate b(f).
7
Let h be -4*(6/(-8))/(-1). Let i(o) = 1043*o**2 - 524*o**2 + 36*o - 4 - 34*o - 517*o**2 + 5. Determine i(h).
13
Let c(o) = o**2 + 526*o + 2610. Let z be c(-5). Let l(w) = w**3 - w + 1. Let q(s) = -4*s**2 - 3*s - 6. Let h(y) = -l(y) - q(y). What is h(z)?
0
Let f(b) = -34*b - 23. Suppose -86 = -18111*g + 18061*g - 236. What is f(g)?
79
Let x(s) = -4*s**2 + 0 + 159*s - 155*s + 9. Let y(p) be the first derivative of -3*p**3 + 9*p**2/2 + 19*p + 4. Let j(i) = 13*x(i) - 6*y(i). Determine j(2).
7
Let b(u) = -u**2 - 46. Let y(i) = 113*i - 84 - 223*i - i**3 - 13*i**2 + 91*i. Let m be y(-12). Calculate b(m).
-46
Let n(p) = p**2 + 7*p. Let x = 106 + -102. Suppose 0*c + 2*r - 4 = c, x*r = c + 2. Calculate n(c).
-6
Let h(y) = -90*y**2 - 8*y - 8. Let s be h(-1). Let z = s + 93. Suppose -11*p + 9*p = 4, z*p + 10 = -2*v. Let w(l) = -8*l + 1. Determine w(v).
17
Let a(g) = g**2 + 6*g - 8. Let y = 22 - 276. Let c = y - -246. What is a(c)?
8
Let q be (15/2)/(10/(-8)). Let b(z) = -12*z - 81. Determine b(q).
-9
Let o(u) = 8*u - 1. Suppose 3*n - 2*t - 14 = 0, 5*n + t + 6 = -3*t. Suppose -20 = -n*d - 14. Suppose -d*v = -2*l + 7, -2*v - 23 = -l - 4*l. Determine o(v).
7
Suppose -35*g = -86 - 19. Let m(r) = 3 - r**2 - 5087*r + 5086*r - g. What is m(-1)?
0
Let x(m) = 11*m + 58. Suppose -50156 = 18*a - 50012. Determine x(a).
-30
Let p(r) be the third derivative of r**4/24 + 5*r**3/3 - 58476*r**2. Suppose -2*j - 2*j - 37 = -s, 43 = -4*j - s. Give p(j).
0
Let v be (-2)/3 - (-176)/72*123. Let u = -306 + v. Let w(t) = -t**2 - 9*t - 11. Determine w(u).
7
Let q(s) be the third derivative of -s**6/120 + 13*s**5/60 + s**4/24 - 13*s**3/6 + 5013*s**2. What is q(13)?
0
Let c(p) be the second derivative of -p**4/12 + 8*p**3/3 - 23*p**2/2 + 162*p - 3. Give c(6).
37
Let t(v) be the first derivative of -v**4/2 + v**3 - 2*v**2 + 2*v + 522. What is t(1)?
-1
Let m(n) = -n + 3. Let l(k) = -8*k**2 - 43*k + 56. Let y(x) = 2*x**2 + 11*x - 14. Let z(v) = -2*l(v) - 9*y(v). Let o = 185 + -192. Let w be z(o). Give m(w).
-4
Let n be (-21)/9*(1 + -4). Suppose -6*r + 32 - 38 = 0. Let x(c) = 2*c. Let u(f) = -7*f + 9. Let m(t) = r*u(t) - 3*x(t). Determine m(n).
-2
Let b(i) = 5*i - 95. Let o be b(0). Let a be 2/(-5) + 247/o. Let m(j) = 2*j + 1. Calculate m(a).
-5
Suppose -16*i - u = -20*i - 85, -2*i + 3*u = 55. Let h(q) = 8*q + 157. Let p be h(i). Let y(c) = -2*c**2 + 2*c + 1. Calculate y(p).
-23
Let z(c) be the third derivative of -1/120*c**6 + 0*c + 1/24*c**4 + 0 - 1/2*c**3 + 2/15*c**5 - 36*c**2. Determine z(8).
5
Let t(b) = 3 - 19*b + 11 - 2 + 18*b. Let c(u) = -1. Let d(p) = -2*c(p) - t(p). Calculate d(-7).
-17
Let u(a) = a**3 - a**2 + a - 1. Let v(h) = 6*h**3 + 4*h - 6. Let x(b) = b**3 - b. Let o(k) = -v(k) + x(k). Let t(w) = -o(w) - 4*u(w). Calculate t(-4).
-6
Let a(f) = f**2 + 3*f - 11. Let x = 1408 - 1414. Calculate a(x).
7
Let p be 3/(-5)*(10 - 285/27). Let y(q) be the first derivative of -24 - p*q**3 + 7/2*q**2 + 6*q. Determine y(8).
-2
Let s be 7*-1*18/(-21). Let q(z) = 17*z - 29. Let m(c) = -6*c + 10. Suppose 5*u = -3*l + 14, -4*l + 5*u + 3 = -4. Let a(v) = l*q(v) + 8*m(v). Calculate a(s).
11
Let b(u) = -31*u**2 - 27*u**2 + 3*u - 31*u**2 + u**3 - 8 + 85*u**2 + 4. Determine b(3).
-4
Let w be 64*(-10)/(-105) + (-2)/21. Let j(x) = 3 - x**3 + 10*x**2 + 34*x - 65*x + w + 29*x. Calculate j(10).
-11
Let x(c) = 3*c**2 + 218*c + 1021. Let o be x(-5). Let n(f) = -23*f**2 + 137*f + 4. Calculate n(o).
-2
Suppose -2*x - 2*d = x - 13, 0 = -x + 2*d + 7. Suppose -6 = 2*j - 5*a, 2*a - 1 = -x*j + 13. Let c(g) = 5 - 5 - g**j + 2. Give c(0).
2
Let i(c) = 30*c - 206. Let n(t) = t**2 + 58*t + 748. Let d be n(-39). Give i(d).
4
Suppose 225*r - 104 = 199*r. Let a(z) = z**2 - 6*z + 2. Give a(r).
-6
Let k(g) = 13*g**2 + 16*g + 1. Let w(l) = -14*l**2 - 17*l - 2. Let t(n) = -13*k(n) - 12*w(n)